{"id":2843,"date":"2015-02-24T12:49:15","date_gmt":"2015-02-24T12:49:15","guid":{"rendered":"https:\/\/milanta.net\/producto\/armari-dels-somnis-per-bressol-opcio-a\/"},"modified":"2023-10-16T09:19:04","modified_gmt":"2023-10-16T09:19:04","slug":"armari-dels-somnis-per-bressol-opcio-a","status":"publish","type":"product","link":"https:\/\/milanta.net\/es\/producte\/armari-dels-somnis-per-bressol-opcio-a\/","title":{"rendered":"Petit armari dels somnis. Opci\u00f3 A"},"content":{"rendered":"<p>Versi\u00f3 redu\u00efda i adaptada per a escola bressol del nostre armari dels somnis. Armari de 128x134x76 format per vuit poliedres d\u20191, cinc de 2, tres de 4, vuit taulons de 2, vuit de 3, cinc de 4, tres de 6, una caixa normal, dues caixes baixes, un carret\u00f3 i sis rodes.<\/p>\n<p>\u00a0S\u2019aconsella no posar els elements de dins l\u2019armari directament sobre saul\u00f3 (ni gespa) ja que el contacte directe del terra amb la fusta els podria malmetre. Per evitar aix\u00f2, aconsellem posar els elements de fusta sobre una catifa ( per exemple de gespa artificial si \u00e9s per exterior)<\/p>\n<p>Es pot fer a mida.<\/p>\n<p><span>El mateix armari es pot fer per interior, \u00e9s a dir sense tractament per exterior, en aquest cas el preu es redueix.<br \/><\/span><\/p>\n","protected":false},"excerpt":{"rendered":"<p>La versi\u00f3 per a escoles bressol del nostre armari dels somnis<\/p>\n","protected":false},"featured_media":2838,"template":"","meta":[],"product_brand":[],"product_cat":[745],"product_tag":[287],"ubicacion-del-mobiliario":[],"class_list":{"0":"post-2843","1":"product","2":"type-product","3":"status-publish","4":"has-post-thumbnail","6":"product_cat-emmagatzematge","7":"product_tag-construccio-fusta-armari","9":"first","10":"instock","11":"taxable","12":"shipping-taxable","13":"purchasable","14":"product-type-simple"},"yoast_head":"<!-- This site is optimized with the Yoast SEO Premium plugin v21.6 (Yoast SEO v27.3) - https:\/\/yoast.com\/product\/yoast-seo-premium-wordpress\/ -->\n<title>Petit armari dels somnis. Opci\u00f3 A - Milanta<\/title>\n<meta name=\"robots\" content=\"index, follow, max-snippet:-1, max-image-preview:large, max-video-preview:-1\" \/>\n<link rel=\"canonical\" href=\"https:\/\/milanta.net\/es\/producte\/armari-dels-somnis-per-bressol-opcio-a\/\" \/>\n<meta property=\"og:locale\" content=\"es_ES\" \/>\n<meta property=\"og:type\" content=\"article\" \/>\n<meta property=\"og:title\" content=\"Petit armari dels somnis. Opci\u00f3 A\" \/>\n<meta property=\"og:description\" content=\"La versi\u00f3 per a escoles bressol del nostre armari dels somnis\" \/>\n<meta property=\"og:url\" content=\"https:\/\/milanta.net\/es\/producte\/armari-dels-somnis-per-bressol-opcio-a\/\" \/>\n<meta property=\"og:site_name\" content=\"Milanta\" \/>\n<meta property=\"article:publisher\" content=\"https:\/\/www.facebook.com\/MilantaCraft\/\" \/>\n<meta property=\"article:modified_time\" content=\"2023-10-16T09:19:04+00:00\" \/>\n<meta property=\"og:image\" content=\"https:\/\/milanta.net\/wp-content\/uploads\/2015\/02\/1489-Petit-armari-dels-somnis.-Opcio-A.jpg\" \/>\n\t<meta property=\"og:image:width\" content=\"599\" \/>\n\t<meta property=\"og:image:height\" content=\"600\" \/>\n\t<meta property=\"og:image:type\" content=\"image\/jpeg\" \/>\n<meta name=\"twitter:card\" content=\"summary_large_image\" \/>\n<meta name=\"twitter:label1\" content=\"Tiempo de lectura\" \/>\n\t<meta name=\"twitter:data1\" content=\"1 minuto\" \/>\n<script type=\"application\/ld+json\" class=\"yoast-schema-graph\">{\"@context\":\"https:\\\/\\\/schema.org\",\"@graph\":[{\"@type\":\"WebPage\",\"@id\":\"https:\\\/\\\/milanta.net\\\/es\\\/producte\\\/armari-dels-somnis-per-bressol-opcio-a\\\/\",\"url\":\"https:\\\/\\\/milanta.net\\\/es\\\/producte\\\/armari-dels-somnis-per-bressol-opcio-a\\\/\",\"name\":\"Petit armari dels somnis. Opci\u00f3 A - Milanta\",\"isPartOf\":{\"@id\":\"https:\\\/\\\/milanta.net\\\/es\\\/#website\"},\"primaryImageOfPage\":{\"@id\":\"https:\\\/\\\/milanta.net\\\/es\\\/producte\\\/armari-dels-somnis-per-bressol-opcio-a\\\/#primaryimage\"},\"image\":{\"@id\":\"https:\\\/\\\/milanta.net\\\/es\\\/producte\\\/armari-dels-somnis-per-bressol-opcio-a\\\/#primaryimage\"},\"thumbnailUrl\":\"https:\\\/\\\/milanta.net\\\/wp-content\\\/uploads\\\/2015\\\/02\\\/1489-Petit-armari-dels-somnis.-Opcio-A.jpg\",\"datePublished\":\"2015-02-24T12:49:15+00:00\",\"dateModified\":\"2023-10-16T09:19:04+00:00\",\"breadcrumb\":{\"@id\":\"https:\\\/\\\/milanta.net\\\/es\\\/producte\\\/armari-dels-somnis-per-bressol-opcio-a\\\/#breadcrumb\"},\"inLanguage\":\"es\",\"potentialAction\":[{\"@type\":\"ReadAction\",\"target\":[\"https:\\\/\\\/milanta.net\\\/es\\\/producte\\\/armari-dels-somnis-per-bressol-opcio-a\\\/\"]}]},{\"@type\":\"ImageObject\",\"inLanguage\":\"es\",\"@id\":\"https:\\\/\\\/milanta.net\\\/es\\\/producte\\\/armari-dels-somnis-per-bressol-opcio-a\\\/#primaryimage\",\"url\":\"https:\\\/\\\/milanta.net\\\/wp-content\\\/uploads\\\/2015\\\/02\\\/1489-Petit-armari-dels-somnis.-Opcio-A.jpg\",\"contentUrl\":\"https:\\\/\\\/milanta.net\\\/wp-content\\\/uploads\\\/2015\\\/02\\\/1489-Petit-armari-dels-somnis.-Opcio-A.jpg\",\"width\":599,\"height\":600,\"caption\":\"Petit armari dels somnis. Opci\u00f3 A\"},{\"@type\":\"BreadcrumbList\",\"@id\":\"https:\\\/\\\/milanta.net\\\/es\\\/producte\\\/armari-dels-somnis-per-bressol-opcio-a\\\/#breadcrumb\",\"itemListElement\":[{\"@type\":\"ListItem\",\"position\":1,\"name\":\"Portada\",\"item\":\"https:\\\/\\\/milanta.net\\\/es\\\/\"},{\"@type\":\"ListItem\",\"position\":2,\"name\":\"Cat\u00e1logo\",\"item\":\"https:\\\/\\\/milanta.net\\\/es\\\/catalogo\\\/\"},{\"@type\":\"ListItem\",\"position\":3,\"name\":\"Petit armari dels somnis. Opci\u00f3 A\"}]},{\"@type\":\"WebSite\",\"@id\":\"https:\\\/\\\/milanta.net\\\/es\\\/#website\",\"url\":\"https:\\\/\\\/milanta.net\\\/es\\\/\",\"name\":\"Milanta Patis Vius\",\"description\":\"ESPACIOS NATURALES Y CREATIVOS PARA LA EDUCACI\u00d3N\",\"publisher\":{\"@id\":\"https:\\\/\\\/milanta.net\\\/es\\\/#organization\"},\"alternateName\":\"Milanta - Patis Vius\",\"potentialAction\":[{\"@type\":\"SearchAction\",\"target\":{\"@type\":\"EntryPoint\",\"urlTemplate\":\"https:\\\/\\\/milanta.net\\\/es\\\/?s={search_term_string}\"},\"query-input\":{\"@type\":\"PropertyValueSpecification\",\"valueRequired\":true,\"valueName\":\"search_term_string\"}}],\"inLanguage\":\"es\"},{\"@type\":\"Organization\",\"@id\":\"https:\\\/\\\/milanta.net\\\/es\\\/#organization\",\"name\":\"Milanta\",\"url\":\"https:\\\/\\\/milanta.net\\\/es\\\/\",\"logo\":{\"@type\":\"ImageObject\",\"inLanguage\":\"es\",\"@id\":\"https:\\\/\\\/milanta.net\\\/es\\\/#\\\/schema\\\/logo\\\/image\\\/\",\"url\":\"https:\\\/\\\/milanta.net\\\/wp-content\\\/uploads\\\/2023\\\/04\\\/Logo-Milanta-color.svg\",\"contentUrl\":\"https:\\\/\\\/milanta.net\\\/wp-content\\\/uploads\\\/2023\\\/04\\\/Logo-Milanta-color.svg\",\"caption\":\"Milanta\"},\"image\":{\"@id\":\"https:\\\/\\\/milanta.net\\\/es\\\/#\\\/schema\\\/logo\\\/image\\\/\"},\"sameAs\":[\"https:\\\/\\\/www.facebook.com\\\/MilantaCraft\\\/\",\"https:\\\/\\\/www.instagram.com\\\/milanta_patis\\\/\"]}]}<\/script>\n<!-- \/ Yoast SEO Premium plugin. -->","yoast_head_json":{"title":"Petit armari dels somnis. Opci\u00f3 A - Milanta","robots":{"index":"index","follow":"follow","max-snippet":"max-snippet:-1","max-image-preview":"max-image-preview:large","max-video-preview":"max-video-preview:-1"},"canonical":"https:\/\/milanta.net\/es\/producte\/armari-dels-somnis-per-bressol-opcio-a\/","og_locale":"es_ES","og_type":"article","og_title":"Petit armari dels somnis. Opci\u00f3 A","og_description":"La versi\u00f3 per a escoles bressol del nostre armari dels somnis","og_url":"https:\/\/milanta.net\/es\/producte\/armari-dels-somnis-per-bressol-opcio-a\/","og_site_name":"Milanta","article_publisher":"https:\/\/www.facebook.com\/MilantaCraft\/","article_modified_time":"2023-10-16T09:19:04+00:00","og_image":[{"width":599,"height":600,"url":"https:\/\/milanta.net\/wp-content\/uploads\/2015\/02\/1489-Petit-armari-dels-somnis.-Opcio-A.jpg","type":"image\/jpeg"}],"twitter_card":"summary_large_image","twitter_misc":{"Tiempo de lectura":"1 minuto"},"schema":{"@context":"https:\/\/schema.org","@graph":[{"@type":"WebPage","@id":"https:\/\/milanta.net\/es\/producte\/armari-dels-somnis-per-bressol-opcio-a\/","url":"https:\/\/milanta.net\/es\/producte\/armari-dels-somnis-per-bressol-opcio-a\/","name":"Petit armari dels somnis. Opci\u00f3 A - Milanta","isPartOf":{"@id":"https:\/\/milanta.net\/es\/#website"},"primaryImageOfPage":{"@id":"https:\/\/milanta.net\/es\/producte\/armari-dels-somnis-per-bressol-opcio-a\/#primaryimage"},"image":{"@id":"https:\/\/milanta.net\/es\/producte\/armari-dels-somnis-per-bressol-opcio-a\/#primaryimage"},"thumbnailUrl":"https:\/\/milanta.net\/wp-content\/uploads\/2015\/02\/1489-Petit-armari-dels-somnis.-Opcio-A.jpg","datePublished":"2015-02-24T12:49:15+00:00","dateModified":"2023-10-16T09:19:04+00:00","breadcrumb":{"@id":"https:\/\/milanta.net\/es\/producte\/armari-dels-somnis-per-bressol-opcio-a\/#breadcrumb"},"inLanguage":"es","potentialAction":[{"@type":"ReadAction","target":["https:\/\/milanta.net\/es\/producte\/armari-dels-somnis-per-bressol-opcio-a\/"]}]},{"@type":"ImageObject","inLanguage":"es","@id":"https:\/\/milanta.net\/es\/producte\/armari-dels-somnis-per-bressol-opcio-a\/#primaryimage","url":"https:\/\/milanta.net\/wp-content\/uploads\/2015\/02\/1489-Petit-armari-dels-somnis.-Opcio-A.jpg","contentUrl":"https:\/\/milanta.net\/wp-content\/uploads\/2015\/02\/1489-Petit-armari-dels-somnis.-Opcio-A.jpg","width":599,"height":600,"caption":"Petit armari dels somnis. Opci\u00f3 A"},{"@type":"BreadcrumbList","@id":"https:\/\/milanta.net\/es\/producte\/armari-dels-somnis-per-bressol-opcio-a\/#breadcrumb","itemListElement":[{"@type":"ListItem","position":1,"name":"Portada","item":"https:\/\/milanta.net\/es\/"},{"@type":"ListItem","position":2,"name":"Cat\u00e1logo","item":"https:\/\/milanta.net\/es\/catalogo\/"},{"@type":"ListItem","position":3,"name":"Petit armari dels somnis. Opci\u00f3 A"}]},{"@type":"WebSite","@id":"https:\/\/milanta.net\/es\/#website","url":"https:\/\/milanta.net\/es\/","name":"Milanta Patis Vius","description":"ESPACIOS NATURALES Y CREATIVOS PARA LA EDUCACI\u00d3N","publisher":{"@id":"https:\/\/milanta.net\/es\/#organization"},"alternateName":"Milanta - Patis Vius","potentialAction":[{"@type":"SearchAction","target":{"@type":"EntryPoint","urlTemplate":"https:\/\/milanta.net\/es\/?s={search_term_string}"},"query-input":{"@type":"PropertyValueSpecification","valueRequired":true,"valueName":"search_term_string"}}],"inLanguage":"es"},{"@type":"Organization","@id":"https:\/\/milanta.net\/es\/#organization","name":"Milanta","url":"https:\/\/milanta.net\/es\/","logo":{"@type":"ImageObject","inLanguage":"es","@id":"https:\/\/milanta.net\/es\/#\/schema\/logo\/image\/","url":"https:\/\/milanta.net\/wp-content\/uploads\/2023\/04\/Logo-Milanta-color.svg","contentUrl":"https:\/\/milanta.net\/wp-content\/uploads\/2023\/04\/Logo-Milanta-color.svg","caption":"Milanta"},"image":{"@id":"https:\/\/milanta.net\/es\/#\/schema\/logo\/image\/"},"sameAs":["https:\/\/www.facebook.com\/MilantaCraft\/","https:\/\/www.instagram.com\/milanta_patis\/"]}]}},"_links":{"self":[{"href":"https:\/\/milanta.net\/es\/wp-json\/wp\/v2\/product\/2843","targetHints":{"allow":["GET"]}}],"collection":[{"href":"https:\/\/milanta.net\/es\/wp-json\/wp\/v2\/product"}],"about":[{"href":"https:\/\/milanta.net\/es\/wp-json\/wp\/v2\/types\/product"}],"version-history":[{"count":0,"href":"https:\/\/milanta.net\/es\/wp-json\/wp\/v2\/product\/2843\/revisions"}],"wp:featuredmedia":[{"embeddable":true,"href":"https:\/\/milanta.net\/es\/wp-json\/wp\/v2\/media\/2838"}],"wp:attachment":[{"href":"https:\/\/milanta.net\/es\/wp-json\/wp\/v2\/media?parent=2843"}],"wp:term":[{"taxonomy":"product_brand","embeddable":true,"href":"https:\/\/milanta.net\/es\/wp-json\/wp\/v2\/product_brand?post=2843"},{"taxonomy":"product_cat","embeddable":true,"href":"https:\/\/milanta.net\/es\/wp-json\/wp\/v2\/product_cat?post=2843"},{"taxonomy":"product_tag","embeddable":true,"href":"https:\/\/milanta.net\/es\/wp-json\/wp\/v2\/product_tag?post=2843"},{"taxonomy":"ubicacion-del-mobiliario","embeddable":true,"href":"https:\/\/milanta.net\/es\/wp-json\/wp\/v2\/ubicacion-del-mobiliario?post=2843"}],"curies":[{"name":"wp","href":"https:\/\/api.w.org\/{rel}","templated":true}]}}

Petit armari dels somnis. Opció A

<p>Versió reduïda i adaptada per a escola bressol del nostre armari dels somnis. Armari de 128x134x76 format per vuit poliedres d’1, cinc de 2, tres de 4, vuit taulons de 2, vuit de 3, cinc de 4, tres de 6, una caixa normal, dues caixes baixes, un carretó i sis rodes.</p>
<p> S’aconsella no posar els elements de dins l’armari directament sobre sauló (ni gespa) ja que el contacte directe del terra amb la fusta els podria malmetre. Per evitar això, aconsellem posar els elements de fusta sobre una catifa ( per exemple de gespa artificial si és per exterior)</p>
<p>Es pot fer a mida.</p>
<p><span>El mateix armari es pot fer per interior, és a dir sense tractament per exterior, en aquest cas el preu es redueix.<br /></span></p>

<p>La versió per a escoles bressol del nostre armari dels somnis</p>

<!-- This site is optimized with the Yoast SEO Premium plugin v21.6 (Yoast SEO v27.3) - https://yoast.com/product/yoast-seo-premium-wordpress/ -->
<title>Petit armari dels somnis. Opció A - Milanta</title>
<meta name="robots" content="index, follow, max-snippet:-1, max-image-preview:large, max-video-preview:-1" />
<link rel="canonical" href="https://milanta.net/es/producte/armari-dels-somnis-per-bressol-opcio-a/" />
<meta property="og:locale" content="es_ES" />
<meta property="og:type" content="article" />
<meta property="og:title" content="Petit armari dels somnis. Opció A" />
<meta property="og:description" content="La versió per a escoles bressol del nostre armari dels somnis" />
<meta property="og:url" content="https://milanta.net/es/producte/armari-dels-somnis-per-bressol-opcio-a/" />
<meta property="og:site_name" content="Milanta" />
<meta property="article:publisher" content="https://www.facebook.com/MilantaCraft/" />
<meta property="article:modified_time" content="2023-10-16T09:19:04+00:00" />
<meta property="og:image" content="https://milanta.net/wp-content/uploads/2015/02/1489-Petit-armari-dels-somnis.-Opcio-A.jpg" />
	<meta property="og:image:width" content="599" />
	<meta property="og:image:height" content="600" />
	<meta property="og:image:type" content="image/jpeg" />
<meta name="twitter:card" content="summary_large_image" />
<meta name="twitter:label1" content="Tiempo de lectura" />
	<meta name="twitter:data1" content="1 minuto" />
<script type="application/ld+json" class="yoast-schema-graph">{"@context":"https:\/\/schema.org","@graph":[{"@type":"WebPage","@id":"https:\/\/milanta.net\/es\/producte\/armari-dels-somnis-per-bressol-opcio-a\/","url":"https:\/\/milanta.net\/es\/producte\/armari-dels-somnis-per-bressol-opcio-a\/","name":"Petit armari dels somnis. Opció A - Milanta","isPartOf":{"@id":"https:\/\/milanta.net\/es\/#website"},"primaryImageOfPage":{"@id":"https:\/\/milanta.net\/es\/producte\/armari-dels-somnis-per-bressol-opcio-a\/#primaryimage"},"image":{"@id":"https:\/\/milanta.net\/es\/producte\/armari-dels-somnis-per-bressol-opcio-a\/#primaryimage"},"thumbnailUrl":"https:\/\/milanta.net\/wp-content\/uploads\/2015\/02\/1489-Petit-armari-dels-somnis.-Opcio-A.jpg","datePublished":"2015-02-24T12:49:15+00:00","dateModified":"2023-10-16T09:19:04+00:00","breadcrumb":{"@id":"https:\/\/milanta.net\/es\/producte\/armari-dels-somnis-per-bressol-opcio-a\/#breadcrumb"},"inLanguage":"es","potentialAction":[{"@type":"ReadAction","target":["https:\/\/milanta.net\/es\/producte\/armari-dels-somnis-per-bressol-opcio-a\/"]}]},{"@type":"ImageObject","inLanguage":"es","@id":"https:\/\/milanta.net\/es\/producte\/armari-dels-somnis-per-bressol-opcio-a\/#primaryimage","url":"https:\/\/milanta.net\/wp-content\/uploads\/2015\/02\/1489-Petit-armari-dels-somnis.-Opcio-A.jpg","contentUrl":"https:\/\/milanta.net\/wp-content\/uploads\/2015\/02\/1489-Petit-armari-dels-somnis.-Opcio-A.jpg","width":599,"height":600,"caption":"Petit armari dels somnis. Opció A"},{"@type":"BreadcrumbList","@id":"https:\/\/milanta.net\/es\/producte\/armari-dels-somnis-per-bressol-opcio-a\/#breadcrumb","itemListElement":[{"@type":"ListItem","position":1,"name":"Portada","item":"https:\/\/milanta.net\/es\/"},{"@type":"ListItem","position":2,"name":"Catálogo","item":"https:\/\/milanta.net\/es\/catalogo\/"},{"@type":"ListItem","position":3,"name":"Petit armari dels somnis. Opció A"}]},{"@type":"WebSite","@id":"https:\/\/milanta.net\/es\/#website","url":"https:\/\/milanta.net\/es\/","name":"Milanta Patis Vius","description":"ESPACIOS NATURALES Y CREATIVOS PARA LA EDUCACIÓN","publisher":{"@id":"https:\/\/milanta.net\/es\/#organization"},"alternateName":"Milanta - Patis Vius","potentialAction":[{"@type":"SearchAction","target":{"@type":"EntryPoint","urlTemplate":"https:\/\/milanta.net\/es\/?s={search_term_string}"},"query-input":{"@type":"PropertyValueSpecification","valueRequired":true,"valueName":"search_term_string"}}],"inLanguage":"es"},{"@type":"Organization","@id":"https:\/\/milanta.net\/es\/#organization","name":"Milanta","url":"https:\/\/milanta.net\/es\/","logo":{"@type":"ImageObject","inLanguage":"es","@id":"https:\/\/milanta.net\/es\/#\/schema\/logo\/image\/","url":"https:\/\/milanta.net\/wp-content\/uploads\/2023\/04\/Logo-Milanta-color.svg","contentUrl":"https:\/\/milanta.net\/wp-content\/uploads\/2023\/04\/Logo-Milanta-color.svg","caption":"Milanta"},"image":{"@id":"https:\/\/milanta.net\/es\/#\/schema\/logo\/image\/"},"sameAs":["https:\/\/www.facebook.com\/MilantaCraft\/","https:\/\/www.instagram.com\/milanta_patis\/"]}]}</script>
<!-- / Yoast SEO Premium plugin. -->

Petit armari dels somnis. Opció A - Milanta

La versió per a escoles bressol del nostre armari dels somnis

Catálogo

ESPACIOS NATURALES Y CREATIVOS PARA LA EDUCACIÓN
