{"id":3164,"date":"2017-01-25T11:21:15","date_gmt":"2017-01-25T11:21:15","guid":{"rendered":"https:\/\/milanta.net\/producto\/rotllana-de-l-esquirol\/"},"modified":"2026-04-29T11:38:14","modified_gmt":"2026-04-29T09:38:14","slug":"rotllana-de-l-esquirol","status":"publish","type":"product","link":"https:\/\/milanta.net\/es\/producte\/rotllana-de-l-esquirol\/","title":{"rendered":"Rotllana de l&#8217;esquirol"},"content":{"rendered":"<p style=\"margin-right: 0cm;margin-left: 0cm;font-size: 12pt;font-family: 'Times New Roman', serif\"><span style=\"font-size: 10pt;font-family: Verdana, sans-serif\">El di\u00e0metre de la rotllana ser\u00e0 d&#8217;uns 240 cm. Podem fer a MIDA.<\/span><\/p>\n<p style=\"margin-right: 0cm;margin-left: 0cm;font-size: 12pt;font-family: 'Times New Roman', serif\"><span style=\"font-size: 10pt;font-family: Verdana, sans-serif\">Els di\u00e0metres varien entre 14 i 18 cm els m\u00e9s prims i uns entre 22 i 30 cm el gruixut del mig.<\/span><\/p>\n<p style=\"margin-right: 0cm;margin-left: 0cm;font-size: 12pt;font-family: 'Times New Roman', serif\"><span style=\"font-size: 10pt;font-family: Verdana, sans-serif\">Indicat per a espais infantils i patis de prim\u00e0ria amb s\u00f2l de terra o saul\u00f3.<\/span><\/p>\n","protected":false},"excerpt":{"rendered":"<p>Rotllana de 23 troncs mitjans\u00a0i un tronc gruixut al mig, per a l&#8217;experimentaci\u00f3 i desenvolupar la psicomotricitat.<\/p>\n","protected":false},"featured_media":3160,"template":"","meta":[],"product_brand":[],"product_cat":[837,117],"product_tag":[],"ubicacion-del-mobiliario":[],"class_list":{"0":"post-3164","1":"product","2":"type-product","3":"status-publish","4":"has-post-thumbnail","6":"product_cat-circuits-de-troncs","7":"product_cat-exterior-pati-i-jardi","9":"first","10":"instock","11":"taxable","12":"shipping-taxable","13":"purchasable","14":"product-type-simple"},"yoast_head":"<!-- This site is optimized with the Yoast SEO Premium plugin v21.6 (Yoast SEO v27.3) - https:\/\/yoast.com\/product\/yoast-seo-premium-wordpress\/ -->\n<title>Rotllana de l&#039;esquirol - Milanta<\/title>\n<meta name=\"robots\" content=\"index, follow, max-snippet:-1, max-image-preview:large, max-video-preview:-1\" \/>\n<link rel=\"canonical\" href=\"https:\/\/milanta.net\/es\/producte\/rotllana-de-l-esquirol\/\" \/>\n<meta property=\"og:locale\" content=\"es_ES\" \/>\n<meta property=\"og:type\" content=\"article\" \/>\n<meta property=\"og:title\" content=\"Rotllana de l&#039;esquirol\" \/>\n<meta property=\"og:description\" content=\"Rotllana de 23 troncs mitjans\u00a0i un tronc gruixut al mig, per a l&#039;experimentaci\u00f3 i desenvolupar la psicomotricitat.\" \/>\n<meta property=\"og:url\" content=\"https:\/\/milanta.net\/es\/producte\/rotllana-de-l-esquirol\/\" \/>\n<meta property=\"og:site_name\" content=\"Milanta\" \/>\n<meta property=\"article:publisher\" content=\"https:\/\/www.facebook.com\/MilantaCraft\/\" \/>\n<meta property=\"article:modified_time\" content=\"2026-04-29T09:38:14+00:00\" \/>\n<meta property=\"og:image\" content=\"https:\/\/milanta.net\/wp-content\/uploads\/2017\/01\/2036-Rotllana-de-lesquirol.jpg\" \/>\n\t<meta property=\"og:image:width\" content=\"1935\" \/>\n\t<meta property=\"og:image:height\" content=\"1539\" \/>\n\t<meta property=\"og:image:type\" content=\"image\/jpeg\" \/>\n<meta name=\"twitter:card\" content=\"summary_large_image\" \/>\n<meta name=\"twitter:label1\" content=\"Tiempo de lectura\" \/>\n\t<meta name=\"twitter:data1\" content=\"1 minuto\" \/>\n<script type=\"application\/ld+json\" class=\"yoast-schema-graph\">{\"@context\":\"https:\\\/\\\/schema.org\",\"@graph\":[{\"@type\":\"WebPage\",\"@id\":\"https:\\\/\\\/milanta.net\\\/es\\\/producte\\\/rotllana-de-l-esquirol\\\/\",\"url\":\"https:\\\/\\\/milanta.net\\\/es\\\/producte\\\/rotllana-de-l-esquirol\\\/\",\"name\":\"Rotllana de l'esquirol - Milanta\",\"isPartOf\":{\"@id\":\"https:\\\/\\\/milanta.net\\\/es\\\/#website\"},\"primaryImageOfPage\":{\"@id\":\"https:\\\/\\\/milanta.net\\\/es\\\/producte\\\/rotllana-de-l-esquirol\\\/#primaryimage\"},\"image\":{\"@id\":\"https:\\\/\\\/milanta.net\\\/es\\\/producte\\\/rotllana-de-l-esquirol\\\/#primaryimage\"},\"thumbnailUrl\":\"https:\\\/\\\/milanta.net\\\/wp-content\\\/uploads\\\/2017\\\/01\\\/2036-Rotllana-de-lesquirol.jpg\",\"datePublished\":\"2017-01-25T11:21:15+00:00\",\"dateModified\":\"2026-04-29T09:38:14+00:00\",\"breadcrumb\":{\"@id\":\"https:\\\/\\\/milanta.net\\\/es\\\/producte\\\/rotllana-de-l-esquirol\\\/#breadcrumb\"},\"inLanguage\":\"es\",\"potentialAction\":[{\"@type\":\"ReadAction\",\"target\":[\"https:\\\/\\\/milanta.net\\\/es\\\/producte\\\/rotllana-de-l-esquirol\\\/\"]}]},{\"@type\":\"ImageObject\",\"inLanguage\":\"es\",\"@id\":\"https:\\\/\\\/milanta.net\\\/es\\\/producte\\\/rotllana-de-l-esquirol\\\/#primaryimage\",\"url\":\"https:\\\/\\\/milanta.net\\\/wp-content\\\/uploads\\\/2017\\\/01\\\/2036-Rotllana-de-lesquirol.jpg\",\"contentUrl\":\"https:\\\/\\\/milanta.net\\\/wp-content\\\/uploads\\\/2017\\\/01\\\/2036-Rotllana-de-lesquirol.jpg\",\"width\":1935,\"height\":1539,\"caption\":\"Rotllana de l'esquirol\"},{\"@type\":\"BreadcrumbList\",\"@id\":\"https:\\\/\\\/milanta.net\\\/es\\\/producte\\\/rotllana-de-l-esquirol\\\/#breadcrumb\",\"itemListElement\":[{\"@type\":\"ListItem\",\"position\":1,\"name\":\"Portada\",\"item\":\"https:\\\/\\\/milanta.net\\\/es\\\/\"},{\"@type\":\"ListItem\",\"position\":2,\"name\":\"Cat\u00e1logo\",\"item\":\"https:\\\/\\\/milanta.net\\\/es\\\/catalogo\\\/\"},{\"@type\":\"ListItem\",\"position\":3,\"name\":\"Rotllana de l&#8217;esquirol\"}]},{\"@type\":\"WebSite\",\"@id\":\"https:\\\/\\\/milanta.net\\\/es\\\/#website\",\"url\":\"https:\\\/\\\/milanta.net\\\/es\\\/\",\"name\":\"Milanta Patis Vius\",\"description\":\"ESPACIOS NATURALES Y CREATIVOS PARA LA EDUCACI\u00d3N\",\"publisher\":{\"@id\":\"https:\\\/\\\/milanta.net\\\/es\\\/#organization\"},\"alternateName\":\"Milanta - Patis Vius\",\"potentialAction\":[{\"@type\":\"SearchAction\",\"target\":{\"@type\":\"EntryPoint\",\"urlTemplate\":\"https:\\\/\\\/milanta.net\\\/es\\\/?s={search_term_string}\"},\"query-input\":{\"@type\":\"PropertyValueSpecification\",\"valueRequired\":true,\"valueName\":\"search_term_string\"}}],\"inLanguage\":\"es\"},{\"@type\":\"Organization\",\"@id\":\"https:\\\/\\\/milanta.net\\\/es\\\/#organization\",\"name\":\"Milanta\",\"url\":\"https:\\\/\\\/milanta.net\\\/es\\\/\",\"logo\":{\"@type\":\"ImageObject\",\"inLanguage\":\"es\",\"@id\":\"https:\\\/\\\/milanta.net\\\/es\\\/#\\\/schema\\\/logo\\\/image\\\/\",\"url\":\"https:\\\/\\\/milanta.net\\\/wp-content\\\/uploads\\\/2023\\\/04\\\/Logo-Milanta-color.svg\",\"contentUrl\":\"https:\\\/\\\/milanta.net\\\/wp-content\\\/uploads\\\/2023\\\/04\\\/Logo-Milanta-color.svg\",\"caption\":\"Milanta\"},\"image\":{\"@id\":\"https:\\\/\\\/milanta.net\\\/es\\\/#\\\/schema\\\/logo\\\/image\\\/\"},\"sameAs\":[\"https:\\\/\\\/www.facebook.com\\\/MilantaCraft\\\/\",\"https:\\\/\\\/www.instagram.com\\\/milanta_patis\\\/\"]}]}<\/script>\n<!-- \/ Yoast SEO Premium plugin. -->","yoast_head_json":{"title":"Rotllana de l'esquirol - Milanta","robots":{"index":"index","follow":"follow","max-snippet":"max-snippet:-1","max-image-preview":"max-image-preview:large","max-video-preview":"max-video-preview:-1"},"canonical":"https:\/\/milanta.net\/es\/producte\/rotllana-de-l-esquirol\/","og_locale":"es_ES","og_type":"article","og_title":"Rotllana de l'esquirol","og_description":"Rotllana de 23 troncs mitjans\u00a0i un tronc gruixut al mig, per a l'experimentaci\u00f3 i desenvolupar la psicomotricitat.","og_url":"https:\/\/milanta.net\/es\/producte\/rotllana-de-l-esquirol\/","og_site_name":"Milanta","article_publisher":"https:\/\/www.facebook.com\/MilantaCraft\/","article_modified_time":"2026-04-29T09:38:14+00:00","og_image":[{"width":1935,"height":1539,"url":"https:\/\/milanta.net\/wp-content\/uploads\/2017\/01\/2036-Rotllana-de-lesquirol.jpg","type":"image\/jpeg"}],"twitter_card":"summary_large_image","twitter_misc":{"Tiempo de lectura":"1 minuto"},"schema":{"@context":"https:\/\/schema.org","@graph":[{"@type":"WebPage","@id":"https:\/\/milanta.net\/es\/producte\/rotllana-de-l-esquirol\/","url":"https:\/\/milanta.net\/es\/producte\/rotllana-de-l-esquirol\/","name":"Rotllana de l'esquirol - Milanta","isPartOf":{"@id":"https:\/\/milanta.net\/es\/#website"},"primaryImageOfPage":{"@id":"https:\/\/milanta.net\/es\/producte\/rotllana-de-l-esquirol\/#primaryimage"},"image":{"@id":"https:\/\/milanta.net\/es\/producte\/rotllana-de-l-esquirol\/#primaryimage"},"thumbnailUrl":"https:\/\/milanta.net\/wp-content\/uploads\/2017\/01\/2036-Rotllana-de-lesquirol.jpg","datePublished":"2017-01-25T11:21:15+00:00","dateModified":"2026-04-29T09:38:14+00:00","breadcrumb":{"@id":"https:\/\/milanta.net\/es\/producte\/rotllana-de-l-esquirol\/#breadcrumb"},"inLanguage":"es","potentialAction":[{"@type":"ReadAction","target":["https:\/\/milanta.net\/es\/producte\/rotllana-de-l-esquirol\/"]}]},{"@type":"ImageObject","inLanguage":"es","@id":"https:\/\/milanta.net\/es\/producte\/rotllana-de-l-esquirol\/#primaryimage","url":"https:\/\/milanta.net\/wp-content\/uploads\/2017\/01\/2036-Rotllana-de-lesquirol.jpg","contentUrl":"https:\/\/milanta.net\/wp-content\/uploads\/2017\/01\/2036-Rotllana-de-lesquirol.jpg","width":1935,"height":1539,"caption":"Rotllana de l'esquirol"},{"@type":"BreadcrumbList","@id":"https:\/\/milanta.net\/es\/producte\/rotllana-de-l-esquirol\/#breadcrumb","itemListElement":[{"@type":"ListItem","position":1,"name":"Portada","item":"https:\/\/milanta.net\/es\/"},{"@type":"ListItem","position":2,"name":"Cat\u00e1logo","item":"https:\/\/milanta.net\/es\/catalogo\/"},{"@type":"ListItem","position":3,"name":"Rotllana de l&#8217;esquirol"}]},{"@type":"WebSite","@id":"https:\/\/milanta.net\/es\/#website","url":"https:\/\/milanta.net\/es\/","name":"Milanta Patis Vius","description":"ESPACIOS NATURALES Y CREATIVOS PARA LA EDUCACI\u00d3N","publisher":{"@id":"https:\/\/milanta.net\/es\/#organization"},"alternateName":"Milanta - Patis Vius","potentialAction":[{"@type":"SearchAction","target":{"@type":"EntryPoint","urlTemplate":"https:\/\/milanta.net\/es\/?s={search_term_string}"},"query-input":{"@type":"PropertyValueSpecification","valueRequired":true,"valueName":"search_term_string"}}],"inLanguage":"es"},{"@type":"Organization","@id":"https:\/\/milanta.net\/es\/#organization","name":"Milanta","url":"https:\/\/milanta.net\/es\/","logo":{"@type":"ImageObject","inLanguage":"es","@id":"https:\/\/milanta.net\/es\/#\/schema\/logo\/image\/","url":"https:\/\/milanta.net\/wp-content\/uploads\/2023\/04\/Logo-Milanta-color.svg","contentUrl":"https:\/\/milanta.net\/wp-content\/uploads\/2023\/04\/Logo-Milanta-color.svg","caption":"Milanta"},"image":{"@id":"https:\/\/milanta.net\/es\/#\/schema\/logo\/image\/"},"sameAs":["https:\/\/www.facebook.com\/MilantaCraft\/","https:\/\/www.instagram.com\/milanta_patis\/"]}]}},"_links":{"self":[{"href":"https:\/\/milanta.net\/es\/wp-json\/wp\/v2\/product\/3164","targetHints":{"allow":["GET"]}}],"collection":[{"href":"https:\/\/milanta.net\/es\/wp-json\/wp\/v2\/product"}],"about":[{"href":"https:\/\/milanta.net\/es\/wp-json\/wp\/v2\/types\/product"}],"version-history":[{"count":1,"href":"https:\/\/milanta.net\/es\/wp-json\/wp\/v2\/product\/3164\/revisions"}],"predecessor-version":[{"id":14636,"href":"https:\/\/milanta.net\/es\/wp-json\/wp\/v2\/product\/3164\/revisions\/14636"}],"wp:featuredmedia":[{"embeddable":true,"href":"https:\/\/milanta.net\/es\/wp-json\/wp\/v2\/media\/3160"}],"wp:attachment":[{"href":"https:\/\/milanta.net\/es\/wp-json\/wp\/v2\/media?parent=3164"}],"wp:term":[{"taxonomy":"product_brand","embeddable":true,"href":"https:\/\/milanta.net\/es\/wp-json\/wp\/v2\/product_brand?post=3164"},{"taxonomy":"product_cat","embeddable":true,"href":"https:\/\/milanta.net\/es\/wp-json\/wp\/v2\/product_cat?post=3164"},{"taxonomy":"product_tag","embeddable":true,"href":"https:\/\/milanta.net\/es\/wp-json\/wp\/v2\/product_tag?post=3164"},{"taxonomy":"ubicacion-del-mobiliario","embeddable":true,"href":"https:\/\/milanta.net\/es\/wp-json\/wp\/v2\/ubicacion-del-mobiliario?post=3164"}],"curies":[{"name":"wp","href":"https:\/\/api.w.org\/{rel}","templated":true}]}}

<p style="margin-right: 0cm;margin-left: 0cm;font-size: 12pt;font-family: 'Times New Roman', serif"><span style="font-size: 10pt;font-family: Verdana, sans-serif">El diàmetre de la rotllana serà d&#8217;uns 240 cm. Podem fer a MIDA.</span></p>
<p style="margin-right: 0cm;margin-left: 0cm;font-size: 12pt;font-family: 'Times New Roman', serif"><span style="font-size: 10pt;font-family: Verdana, sans-serif">Els diàmetres varien entre 14 i 18 cm els més prims i uns entre 22 i 30 cm el gruixut del mig.</span></p>
<p style="margin-right: 0cm;margin-left: 0cm;font-size: 12pt;font-family: 'Times New Roman', serif"><span style="font-size: 10pt;font-family: Verdana, sans-serif">Indicat per a espais infantils i patis de primària amb sòl de terra o sauló.</span></p>

<p>Rotllana de 23 troncs mitjans i un tronc gruixut al mig, per a l&#8217;experimentació i desenvolupar la psicomotricitat.</p>

<!-- This site is optimized with the Yoast SEO Premium plugin v21.6 (Yoast SEO v27.3) - https://yoast.com/product/yoast-seo-premium-wordpress/ -->
<title>Rotllana de l&#039;esquirol - Milanta</title>
<meta name="robots" content="index, follow, max-snippet:-1, max-image-preview:large, max-video-preview:-1" />
<link rel="canonical" href="https://milanta.net/es/producte/rotllana-de-l-esquirol/" />
<meta property="og:locale" content="es_ES" />
<meta property="og:type" content="article" />
<meta property="og:title" content="Rotllana de l&#039;esquirol" />
<meta property="og:description" content="Rotllana de 23 troncs mitjans i un tronc gruixut al mig, per a l&#039;experimentació i desenvolupar la psicomotricitat." />
<meta property="og:url" content="https://milanta.net/es/producte/rotllana-de-l-esquirol/" />
<meta property="og:site_name" content="Milanta" />
<meta property="article:publisher" content="https://www.facebook.com/MilantaCraft/" />
<meta property="article:modified_time" content="2026-04-29T09:38:14+00:00" />
<meta property="og:image" content="https://milanta.net/wp-content/uploads/2017/01/2036-Rotllana-de-lesquirol.jpg" />
	<meta property="og:image:width" content="1935" />
	<meta property="og:image:height" content="1539" />
	<meta property="og:image:type" content="image/jpeg" />
<meta name="twitter:card" content="summary_large_image" />
<meta name="twitter:label1" content="Tiempo de lectura" />
	<meta name="twitter:data1" content="1 minuto" />
<script type="application/ld+json" class="yoast-schema-graph">{"@context":"https:\/\/schema.org","@graph":[{"@type":"WebPage","@id":"https:\/\/milanta.net\/es\/producte\/rotllana-de-l-esquirol\/","url":"https:\/\/milanta.net\/es\/producte\/rotllana-de-l-esquirol\/","name":"Rotllana de l'esquirol - Milanta","isPartOf":{"@id":"https:\/\/milanta.net\/es\/#website"},"primaryImageOfPage":{"@id":"https:\/\/milanta.net\/es\/producte\/rotllana-de-l-esquirol\/#primaryimage"},"image":{"@id":"https:\/\/milanta.net\/es\/producte\/rotllana-de-l-esquirol\/#primaryimage"},"thumbnailUrl":"https:\/\/milanta.net\/wp-content\/uploads\/2017\/01\/2036-Rotllana-de-lesquirol.jpg","datePublished":"2017-01-25T11:21:15+00:00","dateModified":"2026-04-29T09:38:14+00:00","breadcrumb":{"@id":"https:\/\/milanta.net\/es\/producte\/rotllana-de-l-esquirol\/#breadcrumb"},"inLanguage":"es","potentialAction":[{"@type":"ReadAction","target":["https:\/\/milanta.net\/es\/producte\/rotllana-de-l-esquirol\/"]}]},{"@type":"ImageObject","inLanguage":"es","@id":"https:\/\/milanta.net\/es\/producte\/rotllana-de-l-esquirol\/#primaryimage","url":"https:\/\/milanta.net\/wp-content\/uploads\/2017\/01\/2036-Rotllana-de-lesquirol.jpg","contentUrl":"https:\/\/milanta.net\/wp-content\/uploads\/2017\/01\/2036-Rotllana-de-lesquirol.jpg","width":1935,"height":1539,"caption":"Rotllana de l'esquirol"},{"@type":"BreadcrumbList","@id":"https:\/\/milanta.net\/es\/producte\/rotllana-de-l-esquirol\/#breadcrumb","itemListElement":[{"@type":"ListItem","position":1,"name":"Portada","item":"https:\/\/milanta.net\/es\/"},{"@type":"ListItem","position":2,"name":"Catálogo","item":"https:\/\/milanta.net\/es\/catalogo\/"},{"@type":"ListItem","position":3,"name":"Rotllana de l&#8217;esquirol"}]},{"@type":"WebSite","@id":"https:\/\/milanta.net\/es\/#website","url":"https:\/\/milanta.net\/es\/","name":"Milanta Patis Vius","description":"ESPACIOS NATURALES Y CREATIVOS PARA LA EDUCACIÓN","publisher":{"@id":"https:\/\/milanta.net\/es\/#organization"},"alternateName":"Milanta - Patis Vius","potentialAction":[{"@type":"SearchAction","target":{"@type":"EntryPoint","urlTemplate":"https:\/\/milanta.net\/es\/?s={search_term_string}"},"query-input":{"@type":"PropertyValueSpecification","valueRequired":true,"valueName":"search_term_string"}}],"inLanguage":"es"},{"@type":"Organization","@id":"https:\/\/milanta.net\/es\/#organization","name":"Milanta","url":"https:\/\/milanta.net\/es\/","logo":{"@type":"ImageObject","inLanguage":"es","@id":"https:\/\/milanta.net\/es\/#\/schema\/logo\/image\/","url":"https:\/\/milanta.net\/wp-content\/uploads\/2023\/04\/Logo-Milanta-color.svg","contentUrl":"https:\/\/milanta.net\/wp-content\/uploads\/2023\/04\/Logo-Milanta-color.svg","caption":"Milanta"},"image":{"@id":"https:\/\/milanta.net\/es\/#\/schema\/logo\/image\/"},"sameAs":["https:\/\/www.facebook.com\/MilantaCraft\/","https:\/\/www.instagram.com\/milanta_patis\/"]}]}</script>
<!-- / Yoast SEO Premium plugin. -->

Rotllana de 23 troncs mitjans i un tronc gruixut al mig, per a l'experimentació i desenvolupar la psicomotricitat.

Catálogo

ESPACIOS NATURALES Y CREATIVOS PARA LA EDUCACIÓN
