{"id":3252,"date":"2017-11-20T16:58:11","date_gmt":"2017-11-20T16:58:11","guid":{"rendered":"https:\/\/milanta.net\/producto\/tren-amb-maquina-i-tres-vagons\/"},"modified":"2023-10-05T10:32:03","modified_gmt":"2023-10-05T10:32:03","slug":"tren-amb-maquina-i-tres-vagons","status":"publish","type":"product","link":"https:\/\/milanta.net\/es\/producte\/tren-amb-maquina-i-tres-vagons\/","title":{"rendered":"TREN AMB M\u00c0QUINA I TRES VAGONS"},"content":{"rendered":"<p>Element per a un original rac\u00f3 de joc simb\u00f2lic format per la m\u00e0quina de tren i tres vagons.\u00a0<\/p>\n<p>Promou el joc simb\u00f3lic en grup i enlaire la imaginaci\u00f3 cap a un viatge \u00fanic a cada estona.<\/p>\n<p>Es pot fer a Mida.<\/p>\n","protected":false},"excerpt":{"rendered":"<p>Locomotora i tres vagons de troncs polits i tractats.\u00a0<\/p>\n","protected":false},"featured_media":3247,"template":"","meta":[],"product_brand":[],"product_cat":[744],"product_tag":[],"ubicacion-del-mobiliario":[],"class_list":{"0":"post-3252","1":"product","2":"type-product","3":"status-publish","4":"has-post-thumbnail","6":"product_cat-joc-simbolic","8":"first","9":"instock","10":"taxable","11":"shipping-taxable","12":"purchasable","13":"product-type-simple"},"yoast_head":"<!-- This site is optimized with the Yoast SEO Premium plugin v21.6 (Yoast SEO v27.3) - https:\/\/yoast.com\/product\/yoast-seo-premium-wordpress\/ -->\n<title>TREN AMB M\u00c0QUINA I TRES VAGONS - Milanta<\/title>\n<meta name=\"robots\" content=\"index, follow, max-snippet:-1, max-image-preview:large, max-video-preview:-1\" \/>\n<link rel=\"canonical\" href=\"https:\/\/milanta.net\/es\/producte\/tren-amb-maquina-i-tres-vagons\/\" \/>\n<meta property=\"og:locale\" content=\"es_ES\" \/>\n<meta property=\"og:type\" content=\"article\" \/>\n<meta property=\"og:title\" content=\"TREN AMB M\u00c0QUINA I TRES VAGONS\" \/>\n<meta property=\"og:description\" content=\"Locomotora i tres vagons de troncs polits i tractats.\u00a0\" \/>\n<meta property=\"og:url\" content=\"https:\/\/milanta.net\/es\/producte\/tren-amb-maquina-i-tres-vagons\/\" \/>\n<meta property=\"og:site_name\" content=\"Milanta\" \/>\n<meta property=\"article:publisher\" content=\"https:\/\/www.facebook.com\/MilantaCraft\/\" \/>\n<meta property=\"article:modified_time\" content=\"2023-10-05T10:32:03+00:00\" \/>\n<meta property=\"og:image\" content=\"https:\/\/milanta.net\/wp-content\/uploads\/2017\/11\/1596-TREN-AMB-MAQUINA-I-TRES-VAGONS.jpg\" \/>\n\t<meta property=\"og:image:width\" content=\"924\" \/>\n\t<meta property=\"og:image:height\" content=\"850\" \/>\n\t<meta property=\"og:image:type\" content=\"image\/jpeg\" \/>\n<meta name=\"twitter:card\" content=\"summary_large_image\" \/>\n<script type=\"application\/ld+json\" class=\"yoast-schema-graph\">{\"@context\":\"https:\\\/\\\/schema.org\",\"@graph\":[{\"@type\":\"WebPage\",\"@id\":\"https:\\\/\\\/milanta.net\\\/es\\\/producte\\\/tren-amb-maquina-i-tres-vagons\\\/\",\"url\":\"https:\\\/\\\/milanta.net\\\/es\\\/producte\\\/tren-amb-maquina-i-tres-vagons\\\/\",\"name\":\"TREN AMB M\u00c0QUINA I TRES VAGONS - Milanta\",\"isPartOf\":{\"@id\":\"https:\\\/\\\/milanta.net\\\/es\\\/#website\"},\"primaryImageOfPage\":{\"@id\":\"https:\\\/\\\/milanta.net\\\/es\\\/producte\\\/tren-amb-maquina-i-tres-vagons\\\/#primaryimage\"},\"image\":{\"@id\":\"https:\\\/\\\/milanta.net\\\/es\\\/producte\\\/tren-amb-maquina-i-tres-vagons\\\/#primaryimage\"},\"thumbnailUrl\":\"https:\\\/\\\/milanta.net\\\/wp-content\\\/uploads\\\/2017\\\/11\\\/1596-TREN-AMB-MAQUINA-I-TRES-VAGONS.jpg\",\"datePublished\":\"2017-11-20T16:58:11+00:00\",\"dateModified\":\"2023-10-05T10:32:03+00:00\",\"breadcrumb\":{\"@id\":\"https:\\\/\\\/milanta.net\\\/es\\\/producte\\\/tren-amb-maquina-i-tres-vagons\\\/#breadcrumb\"},\"inLanguage\":\"es\",\"potentialAction\":[{\"@type\":\"ReadAction\",\"target\":[\"https:\\\/\\\/milanta.net\\\/es\\\/producte\\\/tren-amb-maquina-i-tres-vagons\\\/\"]}]},{\"@type\":\"ImageObject\",\"inLanguage\":\"es\",\"@id\":\"https:\\\/\\\/milanta.net\\\/es\\\/producte\\\/tren-amb-maquina-i-tres-vagons\\\/#primaryimage\",\"url\":\"https:\\\/\\\/milanta.net\\\/wp-content\\\/uploads\\\/2017\\\/11\\\/1596-TREN-AMB-MAQUINA-I-TRES-VAGONS.jpg\",\"contentUrl\":\"https:\\\/\\\/milanta.net\\\/wp-content\\\/uploads\\\/2017\\\/11\\\/1596-TREN-AMB-MAQUINA-I-TRES-VAGONS.jpg\",\"width\":924,\"height\":850,\"caption\":\"TREN AMB M\u00c0QUINA I TRES VAGONS\"},{\"@type\":\"BreadcrumbList\",\"@id\":\"https:\\\/\\\/milanta.net\\\/es\\\/producte\\\/tren-amb-maquina-i-tres-vagons\\\/#breadcrumb\",\"itemListElement\":[{\"@type\":\"ListItem\",\"position\":1,\"name\":\"Portada\",\"item\":\"https:\\\/\\\/milanta.net\\\/es\\\/\"},{\"@type\":\"ListItem\",\"position\":2,\"name\":\"Cat\u00e1logo\",\"item\":\"https:\\\/\\\/milanta.net\\\/es\\\/catalogo\\\/\"},{\"@type\":\"ListItem\",\"position\":3,\"name\":\"TREN AMB M\u00c0QUINA I TRES VAGONS\"}]},{\"@type\":\"WebSite\",\"@id\":\"https:\\\/\\\/milanta.net\\\/es\\\/#website\",\"url\":\"https:\\\/\\\/milanta.net\\\/es\\\/\",\"name\":\"Milanta Patis Vius\",\"description\":\"ESPACIOS NATURALES Y CREATIVOS PARA LA EDUCACI\u00d3N\",\"publisher\":{\"@id\":\"https:\\\/\\\/milanta.net\\\/es\\\/#organization\"},\"alternateName\":\"Milanta - Patis Vius\",\"potentialAction\":[{\"@type\":\"SearchAction\",\"target\":{\"@type\":\"EntryPoint\",\"urlTemplate\":\"https:\\\/\\\/milanta.net\\\/es\\\/?s={search_term_string}\"},\"query-input\":{\"@type\":\"PropertyValueSpecification\",\"valueRequired\":true,\"valueName\":\"search_term_string\"}}],\"inLanguage\":\"es\"},{\"@type\":\"Organization\",\"@id\":\"https:\\\/\\\/milanta.net\\\/es\\\/#organization\",\"name\":\"Milanta\",\"url\":\"https:\\\/\\\/milanta.net\\\/es\\\/\",\"logo\":{\"@type\":\"ImageObject\",\"inLanguage\":\"es\",\"@id\":\"https:\\\/\\\/milanta.net\\\/es\\\/#\\\/schema\\\/logo\\\/image\\\/\",\"url\":\"https:\\\/\\\/milanta.net\\\/wp-content\\\/uploads\\\/2023\\\/04\\\/Logo-Milanta-color.svg\",\"contentUrl\":\"https:\\\/\\\/milanta.net\\\/wp-content\\\/uploads\\\/2023\\\/04\\\/Logo-Milanta-color.svg\",\"caption\":\"Milanta\"},\"image\":{\"@id\":\"https:\\\/\\\/milanta.net\\\/es\\\/#\\\/schema\\\/logo\\\/image\\\/\"},\"sameAs\":[\"https:\\\/\\\/www.facebook.com\\\/MilantaCraft\\\/\",\"https:\\\/\\\/www.instagram.com\\\/milanta_patis\\\/\"]}]}<\/script>\n<!-- \/ Yoast SEO Premium plugin. -->","yoast_head_json":{"title":"TREN AMB M\u00c0QUINA I TRES VAGONS - Milanta","robots":{"index":"index","follow":"follow","max-snippet":"max-snippet:-1","max-image-preview":"max-image-preview:large","max-video-preview":"max-video-preview:-1"},"canonical":"https:\/\/milanta.net\/es\/producte\/tren-amb-maquina-i-tres-vagons\/","og_locale":"es_ES","og_type":"article","og_title":"TREN AMB M\u00c0QUINA I TRES VAGONS","og_description":"Locomotora i tres vagons de troncs polits i tractats.\u00a0","og_url":"https:\/\/milanta.net\/es\/producte\/tren-amb-maquina-i-tres-vagons\/","og_site_name":"Milanta","article_publisher":"https:\/\/www.facebook.com\/MilantaCraft\/","article_modified_time":"2023-10-05T10:32:03+00:00","og_image":[{"width":924,"height":850,"url":"https:\/\/milanta.net\/wp-content\/uploads\/2017\/11\/1596-TREN-AMB-MAQUINA-I-TRES-VAGONS.jpg","type":"image\/jpeg"}],"twitter_card":"summary_large_image","schema":{"@context":"https:\/\/schema.org","@graph":[{"@type":"WebPage","@id":"https:\/\/milanta.net\/es\/producte\/tren-amb-maquina-i-tres-vagons\/","url":"https:\/\/milanta.net\/es\/producte\/tren-amb-maquina-i-tres-vagons\/","name":"TREN AMB M\u00c0QUINA I TRES VAGONS - Milanta","isPartOf":{"@id":"https:\/\/milanta.net\/es\/#website"},"primaryImageOfPage":{"@id":"https:\/\/milanta.net\/es\/producte\/tren-amb-maquina-i-tres-vagons\/#primaryimage"},"image":{"@id":"https:\/\/milanta.net\/es\/producte\/tren-amb-maquina-i-tres-vagons\/#primaryimage"},"thumbnailUrl":"https:\/\/milanta.net\/wp-content\/uploads\/2017\/11\/1596-TREN-AMB-MAQUINA-I-TRES-VAGONS.jpg","datePublished":"2017-11-20T16:58:11+00:00","dateModified":"2023-10-05T10:32:03+00:00","breadcrumb":{"@id":"https:\/\/milanta.net\/es\/producte\/tren-amb-maquina-i-tres-vagons\/#breadcrumb"},"inLanguage":"es","potentialAction":[{"@type":"ReadAction","target":["https:\/\/milanta.net\/es\/producte\/tren-amb-maquina-i-tres-vagons\/"]}]},{"@type":"ImageObject","inLanguage":"es","@id":"https:\/\/milanta.net\/es\/producte\/tren-amb-maquina-i-tres-vagons\/#primaryimage","url":"https:\/\/milanta.net\/wp-content\/uploads\/2017\/11\/1596-TREN-AMB-MAQUINA-I-TRES-VAGONS.jpg","contentUrl":"https:\/\/milanta.net\/wp-content\/uploads\/2017\/11\/1596-TREN-AMB-MAQUINA-I-TRES-VAGONS.jpg","width":924,"height":850,"caption":"TREN AMB M\u00c0QUINA I TRES VAGONS"},{"@type":"BreadcrumbList","@id":"https:\/\/milanta.net\/es\/producte\/tren-amb-maquina-i-tres-vagons\/#breadcrumb","itemListElement":[{"@type":"ListItem","position":1,"name":"Portada","item":"https:\/\/milanta.net\/es\/"},{"@type":"ListItem","position":2,"name":"Cat\u00e1logo","item":"https:\/\/milanta.net\/es\/catalogo\/"},{"@type":"ListItem","position":3,"name":"TREN AMB M\u00c0QUINA I TRES VAGONS"}]},{"@type":"WebSite","@id":"https:\/\/milanta.net\/es\/#website","url":"https:\/\/milanta.net\/es\/","name":"Milanta Patis Vius","description":"ESPACIOS NATURALES Y CREATIVOS PARA LA EDUCACI\u00d3N","publisher":{"@id":"https:\/\/milanta.net\/es\/#organization"},"alternateName":"Milanta - Patis Vius","potentialAction":[{"@type":"SearchAction","target":{"@type":"EntryPoint","urlTemplate":"https:\/\/milanta.net\/es\/?s={search_term_string}"},"query-input":{"@type":"PropertyValueSpecification","valueRequired":true,"valueName":"search_term_string"}}],"inLanguage":"es"},{"@type":"Organization","@id":"https:\/\/milanta.net\/es\/#organization","name":"Milanta","url":"https:\/\/milanta.net\/es\/","logo":{"@type":"ImageObject","inLanguage":"es","@id":"https:\/\/milanta.net\/es\/#\/schema\/logo\/image\/","url":"https:\/\/milanta.net\/wp-content\/uploads\/2023\/04\/Logo-Milanta-color.svg","contentUrl":"https:\/\/milanta.net\/wp-content\/uploads\/2023\/04\/Logo-Milanta-color.svg","caption":"Milanta"},"image":{"@id":"https:\/\/milanta.net\/es\/#\/schema\/logo\/image\/"},"sameAs":["https:\/\/www.facebook.com\/MilantaCraft\/","https:\/\/www.instagram.com\/milanta_patis\/"]}]}},"_links":{"self":[{"href":"https:\/\/milanta.net\/es\/wp-json\/wp\/v2\/product\/3252","targetHints":{"allow":["GET"]}}],"collection":[{"href":"https:\/\/milanta.net\/es\/wp-json\/wp\/v2\/product"}],"about":[{"href":"https:\/\/milanta.net\/es\/wp-json\/wp\/v2\/types\/product"}],"version-history":[{"count":0,"href":"https:\/\/milanta.net\/es\/wp-json\/wp\/v2\/product\/3252\/revisions"}],"wp:featuredmedia":[{"embeddable":true,"href":"https:\/\/milanta.net\/es\/wp-json\/wp\/v2\/media\/3247"}],"wp:attachment":[{"href":"https:\/\/milanta.net\/es\/wp-json\/wp\/v2\/media?parent=3252"}],"wp:term":[{"taxonomy":"product_brand","embeddable":true,"href":"https:\/\/milanta.net\/es\/wp-json\/wp\/v2\/product_brand?post=3252"},{"taxonomy":"product_cat","embeddable":true,"href":"https:\/\/milanta.net\/es\/wp-json\/wp\/v2\/product_cat?post=3252"},{"taxonomy":"product_tag","embeddable":true,"href":"https:\/\/milanta.net\/es\/wp-json\/wp\/v2\/product_tag?post=3252"},{"taxonomy":"ubicacion-del-mobiliario","embeddable":true,"href":"https:\/\/milanta.net\/es\/wp-json\/wp\/v2\/ubicacion-del-mobiliario?post=3252"}],"curies":[{"name":"wp","href":"https:\/\/api.w.org\/{rel}","templated":true}]}}

TREN AMB MÀQUINA I TRES VAGONS

<p>Element per a un original racó de joc simbòlic format per la màquina de tren i tres vagons. </p>
<p>Promou el joc simbólic en grup i enlaire la imaginació cap a un viatge únic a cada estona.</p>
<p>Es pot fer a Mida.</p>

<!-- This site is optimized with the Yoast SEO Premium plugin v21.6 (Yoast SEO v27.3) - https://yoast.com/product/yoast-seo-premium-wordpress/ -->
<title>TREN AMB MÀQUINA I TRES VAGONS - Milanta</title>
<meta name="robots" content="index, follow, max-snippet:-1, max-image-preview:large, max-video-preview:-1" />
<link rel="canonical" href="https://milanta.net/es/producte/tren-amb-maquina-i-tres-vagons/" />
<meta property="og:locale" content="es_ES" />
<meta property="og:type" content="article" />
<meta property="og:title" content="TREN AMB MÀQUINA I TRES VAGONS" />
<meta property="og:description" content="Locomotora i tres vagons de troncs polits i tractats. " />
<meta property="og:url" content="https://milanta.net/es/producte/tren-amb-maquina-i-tres-vagons/" />
<meta property="og:site_name" content="Milanta" />
<meta property="article:publisher" content="https://www.facebook.com/MilantaCraft/" />
<meta property="article:modified_time" content="2023-10-05T10:32:03+00:00" />
<meta property="og:image" content="https://milanta.net/wp-content/uploads/2017/11/1596-TREN-AMB-MAQUINA-I-TRES-VAGONS.jpg" />
	<meta property="og:image:width" content="924" />
	<meta property="og:image:height" content="850" />
	<meta property="og:image:type" content="image/jpeg" />
<meta name="twitter:card" content="summary_large_image" />
<script type="application/ld+json" class="yoast-schema-graph">{"@context":"https:\/\/schema.org","@graph":[{"@type":"WebPage","@id":"https:\/\/milanta.net\/es\/producte\/tren-amb-maquina-i-tres-vagons\/","url":"https:\/\/milanta.net\/es\/producte\/tren-amb-maquina-i-tres-vagons\/","name":"TREN AMB MÀQUINA I TRES VAGONS - Milanta","isPartOf":{"@id":"https:\/\/milanta.net\/es\/#website"},"primaryImageOfPage":{"@id":"https:\/\/milanta.net\/es\/producte\/tren-amb-maquina-i-tres-vagons\/#primaryimage"},"image":{"@id":"https:\/\/milanta.net\/es\/producte\/tren-amb-maquina-i-tres-vagons\/#primaryimage"},"thumbnailUrl":"https:\/\/milanta.net\/wp-content\/uploads\/2017\/11\/1596-TREN-AMB-MAQUINA-I-TRES-VAGONS.jpg","datePublished":"2017-11-20T16:58:11+00:00","dateModified":"2023-10-05T10:32:03+00:00","breadcrumb":{"@id":"https:\/\/milanta.net\/es\/producte\/tren-amb-maquina-i-tres-vagons\/#breadcrumb"},"inLanguage":"es","potentialAction":[{"@type":"ReadAction","target":["https:\/\/milanta.net\/es\/producte\/tren-amb-maquina-i-tres-vagons\/"]}]},{"@type":"ImageObject","inLanguage":"es","@id":"https:\/\/milanta.net\/es\/producte\/tren-amb-maquina-i-tres-vagons\/#primaryimage","url":"https:\/\/milanta.net\/wp-content\/uploads\/2017\/11\/1596-TREN-AMB-MAQUINA-I-TRES-VAGONS.jpg","contentUrl":"https:\/\/milanta.net\/wp-content\/uploads\/2017\/11\/1596-TREN-AMB-MAQUINA-I-TRES-VAGONS.jpg","width":924,"height":850,"caption":"TREN AMB MÀQUINA I TRES VAGONS"},{"@type":"BreadcrumbList","@id":"https:\/\/milanta.net\/es\/producte\/tren-amb-maquina-i-tres-vagons\/#breadcrumb","itemListElement":[{"@type":"ListItem","position":1,"name":"Portada","item":"https:\/\/milanta.net\/es\/"},{"@type":"ListItem","position":2,"name":"Catálogo","item":"https:\/\/milanta.net\/es\/catalogo\/"},{"@type":"ListItem","position":3,"name":"TREN AMB MÀQUINA I TRES VAGONS"}]},{"@type":"WebSite","@id":"https:\/\/milanta.net\/es\/#website","url":"https:\/\/milanta.net\/es\/","name":"Milanta Patis Vius","description":"ESPACIOS NATURALES Y CREATIVOS PARA LA EDUCACIÓN","publisher":{"@id":"https:\/\/milanta.net\/es\/#organization"},"alternateName":"Milanta - Patis Vius","potentialAction":[{"@type":"SearchAction","target":{"@type":"EntryPoint","urlTemplate":"https:\/\/milanta.net\/es\/?s={search_term_string}"},"query-input":{"@type":"PropertyValueSpecification","valueRequired":true,"valueName":"search_term_string"}}],"inLanguage":"es"},{"@type":"Organization","@id":"https:\/\/milanta.net\/es\/#organization","name":"Milanta","url":"https:\/\/milanta.net\/es\/","logo":{"@type":"ImageObject","inLanguage":"es","@id":"https:\/\/milanta.net\/es\/#\/schema\/logo\/image\/","url":"https:\/\/milanta.net\/wp-content\/uploads\/2023\/04\/Logo-Milanta-color.svg","contentUrl":"https:\/\/milanta.net\/wp-content\/uploads\/2023\/04\/Logo-Milanta-color.svg","caption":"Milanta"},"image":{"@id":"https:\/\/milanta.net\/es\/#\/schema\/logo\/image\/"},"sameAs":["https:\/\/www.facebook.com\/MilantaCraft\/","https:\/\/www.instagram.com\/milanta_patis\/"]}]}</script>
<!-- / Yoast SEO Premium plugin. -->

TREN AMB MÀQUINA I TRES VAGONS - Milanta

Catálogo

ESPACIOS NATURALES Y CREATIVOS PARA LA EDUCACIÓN
